{"id":1014,"date":"2017-06-08T13:35:45","date_gmt":"2017-06-08T11:35:45","guid":{"rendered":"https:\/\/thexecutives.com\/?page_id=1014"},"modified":"2017-07-11T00:18:11","modified_gmt":"2017-07-10T22:18:11","slug":"boban-ilic","status":"publish","type":"page","link":"https:\/\/thexecutives.com\/de\/boban-ilic\/","title":{"rendered":"Boban Ilic"},"content":{"rendered":"<div class=\"team-member\">\n<div id=\"attachment_313\" style=\"width: 260px\" class=\"wp-caption alignnone\"><a href=\"\/wp-content\/uploads\/Boban-Ilic-P.jpeg\"><img loading=\"lazy\" decoding=\"async\" aria-describedby=\"caption-attachment-313\" class=\"wp-image-313\" src=\"\/wp-content\/uploads\/Boban-Ilic-P-225x300.jpeg\" alt=\"Boban Ilic\" width=\"250\" height=\"333\" srcset=\"https:\/\/thexecutives.com\/wp-content\/uploads\/Boban-Ilic-P-225x300.jpeg 225w, https:\/\/thexecutives.com\/wp-content\/uploads\/Boban-Ilic-P.jpeg 256w\" sizes=\"auto, (max-width: 250px) 100vw, 250px\" \/><\/a><p id=\"caption-attachment-313\" class=\"wp-caption-text\">&nbsp;&nbsp;&nbsp;&nbsp;Boban Ilic \u00a0 \u00a0 \u00a0 \u00a0<a href=\"mailto:%20boban.ilic@theXecutives.com\" target=\"_blank\" rel=\"noopener noreferrer\">boban.ilic@theXecutives.com<\/a><\/p><\/div>\n<p class=\"western\"><strong>Boban Ilic, Partner bei TheXecutives<\/strong><\/p>\n<p>Boban Ilic ist Partner und Mitbegr\u00fcnder von TheXecutives. Er wohnt in Wien und Belgrad, studierte Verfahrenstechnik und spricht flie\u00dfend Englisch. Er verf\u00fcgt \u00fcber ein umfassendes Fachwissen in der Rekrutierung von Fachkr\u00e4ften aus der CEE-Region und Westeuropa. Seine internationale Sucherfahrung umfasst ein breitgef\u00e4chertes Spektrum an Top-F\u00fchrungskr\u00e4ften in den Bereichen schnelldrehende Konsumg\u00fcter (FMCG) und Finanzdienstleistungen, im Gesundheitswesen, in Industrie und Handel, sowie in weiteren Spezialbereichen.<\/p>\n<p>Boban begann seine Karriere als Technical Services Manager in der Coca-Cola Company und war dort f\u00fcr die Region S\u00fcd-Ost-Europa zust\u00e4ndig. Sp\u00e4ter schloss er sich Procter &amp; Gamble als HR-Manager SEE an, wo er sowohl firmenintern als auch beim regionalen Distributor f\u00fcr die Entwicklung des Personalmanagements verantwortlich war. Er begann zuerst in der regionalen Firmenzentrale in Bukarest, zog sp\u00e4ter nach Belgrad und \u00fcbernahm die direkte Verantwortung im Bereich HR f\u00fcr Serbien, Montenegro, Bosnien und Mazedonien. Er war einer der Pioniere des HR-Managements in der Region.<\/p>\n<p>Seit dem Eintritt bei Neumann im Jahr 2001 vergr\u00f6\u00dfert Boban laufend sein Know-how, sein Netzwerk und seine Erfahrung mit den verschiedenen Branchen in der ganzen CEE-Region.<\/p>\n<\/div>\n","protected":false},"excerpt":{"rendered":"<p>Boban Ilic, Partner bei TheXecutives Boban Ilic ist Partner und Mitbegr\u00fcnder von TheXecutives. Er wohnt in Wien und Belgrad, studierte Verfahrenstechnik und spricht flie\u00dfend Englisch. Er verf\u00fcgt \u00fcber ein umfassendes Fachwissen in&#46;&#46;&#46;<\/p>\n","protected":false},"author":7,"featured_media":0,"parent":0,"menu_order":0,"comment_status":"closed","ping_status":"closed","template":"template-menu.php","meta":{"footnotes":""},"class_list":["post-1014","page","type-page","status-publish","hentry"],"_links":{"self":[{"href":"https:\/\/thexecutives.com\/de\/wp-json\/wp\/v2\/pages\/1014","targetHints":{"allow":["GET"]}}],"collection":[{"href":"https:\/\/thexecutives.com\/de\/wp-json\/wp\/v2\/pages"}],"about":[{"href":"https:\/\/thexecutives.com\/de\/wp-json\/wp\/v2\/types\/page"}],"author":[{"embeddable":true,"href":"https:\/\/thexecutives.com\/de\/wp-json\/wp\/v2\/users\/7"}],"replies":[{"embeddable":true,"href":"https:\/\/thexecutives.com\/de\/wp-json\/wp\/v2\/comments?post=1014"}],"version-history":[{"count":0,"href":"https:\/\/thexecutives.com\/de\/wp-json\/wp\/v2\/pages\/1014\/revisions"}],"wp:attachment":[{"href":"https:\/\/thexecutives.com\/de\/wp-json\/wp\/v2\/media?parent=1014"}],"curies":[{"name":"wp","href":"https:\/\/api.w.org\/{rel}","templated":true}]}}

<div class="team-member">
<div id="attachment_313" style="width: 260px" class="wp-caption alignnone"><a href="/wp-content/uploads/Boban-Ilic-P.jpeg"><img loading="lazy" decoding="async" aria-describedby="caption-attachment-313" class="wp-image-313" src="/wp-content/uploads/Boban-Ilic-P-225x300.jpeg" alt="Boban Ilic" width="250" height="333" srcset="https://thexecutives.com/wp-content/uploads/Boban-Ilic-P-225x300.jpeg 225w, https://thexecutives.com/wp-content/uploads/Boban-Ilic-P.jpeg 256w" sizes="auto, (max-width: 250px) 100vw, 250px" /></a><p id="caption-attachment-313" class="wp-caption-text">&nbsp;&nbsp;&nbsp;&nbsp;Boban Ilic        <a href="mailto:%20boban.ilic@theXecutives.com" target="_blank" rel="noopener noreferrer">boban.ilic@theXecutives.com</a></p></div>
<p class="western"><strong>Boban Ilic, Partner bei TheXecutives</strong></p>
<p>Boban Ilic ist Partner und Mitbegründer von TheXecutives. Er wohnt in Wien und Belgrad, studierte Verfahrenstechnik und spricht fließend Englisch. Er verfügt über ein umfassendes Fachwissen in der Rekrutierung von Fachkräften aus der CEE-Region und Westeuropa. Seine internationale Sucherfahrung umfasst ein breitgefächertes Spektrum an Top-Führungskräften in den Bereichen schnelldrehende Konsumgüter (FMCG) und Finanzdienstleistungen, im Gesundheitswesen, in Industrie und Handel, sowie in weiteren Spezialbereichen.</p>
<p>Boban begann seine Karriere als Technical Services Manager in der Coca-Cola Company und war dort für die Region Süd-Ost-Europa zuständig. Später schloss er sich Procter &amp; Gamble als HR-Manager SEE an, wo er sowohl firmenintern als auch beim regionalen Distributor für die Entwicklung des Personalmanagements verantwortlich war. Er begann zuerst in der regionalen Firmenzentrale in Bukarest, zog später nach Belgrad und übernahm die direkte Verantwortung im Bereich HR für Serbien, Montenegro, Bosnien und Mazedonien. Er war einer der Pioniere des HR-Managements in der Region.</p>
<p>Seit dem Eintritt bei Neumann im Jahr 2001 vergrößert Boban laufend sein Know-how, sein Netzwerk und seine Erfahrung mit den verschiedenen Branchen in der ganzen CEE-Region.</p>
</div>

<p>Boban Ilic, Partner bei TheXecutives Boban Ilic ist Partner und Mitbegründer von TheXecutives. Er wohnt in Wien und Belgrad, studierte Verfahrenstechnik und spricht fließend Englisch. Er verfügt über ein umfassendes Fachwissen in&#46;&#46;&#46;</p>
